{"id":85,"date":"2023-01-17T14:19:34","date_gmt":"2023-01-17T13:19:34","guid":{"rendered":"http:\/\/rezerwacje.totubarber.pl\/?page_id=85"},"modified":"2023-01-17T14:25:03","modified_gmt":"2023-01-17T13:25:03","slug":"regulamin-wynajmu","status":"publish","type":"page","link":"https:\/\/koparkaszczytno.pl\/?page_id=85","title":{"rendered":"Regulamin wynajmu"},"content":{"rendered":"<p>[et_pb_section fb_built=&#8221;1&#8243; admin_label=&#8221;Hero&#8221; _builder_version=&#8221;4.19.4&#8243; use_background_color_gradient=&#8221;on&#8221; background_color_gradient_type=&#8221;circular&#8221; background_color_gradient_direction_radial=&#8221;top left&#8221; background_color_gradient_stops=&#8221;rgba(40,40,40,0.79) 0%|rgba(40,40,40,0.86) 100%&#8221; background_color_gradient_overlays_image=&#8221;on&#8221; background_color_gradient_start=&#8221;rgba(40,40,40,0.79)&#8221; background_color_gradient_end=&#8221;rgba(40,40,40,0.86)&#8221; background_image=&#8221;http:\/\/koparkaszczytno.pl\/wp-content\/uploads\/2023\/01\/construction-company-11.jpg&#8221; custom_padding=&#8221;0px||0px||true|false&#8221; hover_enabled=&#8221;0&#8243; global_colors_info=&#8221;{}&#8221; theme_builder_area=&#8221;post_content&#8221; title_text=&#8221;construction-company-11&#8243; parallax=&#8221;on&#8221; sticky_enabled=&#8221;0&#8243;][et_pb_row use_custom_gutter=&#8221;on&#8221; make_equal=&#8221;on&#8221; padding_top_bottom_link_1=&#8221;true&#8221; padding_top_bottom_link_2=&#8221;true&#8221; padding_left_right_link_1=&#8221;true&#8221; padding_left_right_link_2=&#8221;true&#8221; background_color_gradient_type_1=&#8221;circular&#8221; _builder_version=&#8221;4.19.4&#8243; width=&#8221;84%&#8221; max_width=&#8221;100%&#8221; custom_padding=&#8221;0px||0px||true&#8221; hover_enabled=&#8221;0&#8243; use_custom_width=&#8221;on&#8221; width_unit=&#8221;off&#8221; custom_width_percent=&#8221;100%&#8221; global_colors_info=&#8221;{}&#8221; theme_builder_area=&#8221;post_content&#8221; sticky_enabled=&#8221;0&#8243;][et_pb_column type=&#8221;4_4&#8243; _builder_version=&#8221;4.16&#8243; background_color_gradient_direction_radial=&#8221;top left&#8221; background_color_gradient_start=&#8221;rgba(40,40,40,0.79)&#8221; background_color_gradient_end=&#8221;rgba(40,40,40,0.86)&#8221; custom_padding=&#8221;10vw|6vw|10vw|6vw&#8221; custom_padding_tablet=&#8221;10vw|10%|10vw|10%|true|true&#8221; custom_padding_last_edited=&#8221;on|desktop&#8221; global_colors_info=&#8221;{}&#8221; padding_tablet=&#8221;10vw|10%|10vw|10%|true|true&#8221; padding_last_edited=&#8221;on|desktop&#8221; custom_padding__hover=&#8221;|||&#8221; theme_builder_area=&#8221;post_content&#8221; custom_padding_phone=&#8221;10vw|10%|10vw|10%|true|true&#8221; padding_phone=&#8221;10vw|10%|10vw|10%|true|true&#8221;][et_pb_text _builder_version=&#8221;4.19.4&#8243; text_font=&#8221;||||||||&#8221; header_font=&#8221;Rubik|700|||||||&#8221; header_font_size=&#8221;64px&#8221; header_line_height=&#8221;1.1em&#8221; background_layout=&#8221;dark&#8221; max_width=&#8221;800px&#8221; custom_margin=&#8221;||0px|&#8221; custom_padding=&#8221;|||16px&#8221; hover_enabled=&#8221;0&#8243; text_font_size_tablet=&#8221;14px&#8221; text_font_size_last_edited=&#8221;off|desktop&#8221; header_font_size_tablet=&#8221;44px&#8221; header_font_size_phone=&#8221;32px&#8221; header_font_size_last_edited=&#8221;on|phone&#8221; border_color_all=&#8221;#ffb400&#8243; border_width_left=&#8221;10px&#8221; global_colors_info=&#8221;{}&#8221; theme_builder_area=&#8221;post_content&#8221; sticky_enabled=&#8221;0&#8243;]<\/p>\n<h1>Regulamin wynajmu<\/h1>\n<p>[\/et_pb_text][\/et_pb_column][\/et_pb_row][\/et_pb_section][et_pb_section fb_built=&#8221;1&#8243; admin_label=&#8221; Call Us&#8221; _builder_version=&#8221;4.16&#8243; custom_padding=&#8221;20px|0px|20px|0px|true|false&#8221; animation_style=&#8221;slide&#8221; animation_direction=&#8221;top&#8221; animation_intensity_slide=&#8221;10%&#8221; box_shadow_style=&#8221;preset3&#8243; box_shadow_vertical=&#8221;10px&#8221; box_shadow_blur=&#8221;105px&#8221; box_shadow_spread=&#8221;0px&#8221; box_shadow_color=&#8221;rgba(0,0,0,0.12)&#8221; global_colors_info=&#8221;{}&#8221; theme_builder_area=&#8221;post_content&#8221;][et_pb_row _builder_version=&#8221;4.16&#8243; background_color=&#8221;#ffffff&#8221; custom_margin=&#8221;|||&#8221; global_colors_info=&#8221;{}&#8221; theme_builder_area=&#8221;post_content&#8221;][et_pb_column type=&#8221;4_4&#8243; _builder_version=&#8221;4.16&#8243; custom_padding=&#8221;|||&#8221; global_colors_info=&#8221;{}&#8221; custom_padding__hover=&#8221;|||&#8221; theme_builder_area=&#8221;post_content&#8221;][et_pb_text _builder_version=&#8221;4.19.4&#8243; _module_preset=&#8221;default&#8221; theme_builder_area=&#8221;post_content&#8221; hover_enabled=&#8221;0&#8243; sticky_enabled=&#8221;0&#8243;]<\/p>\n<h1><strong>PODSTAWOWE WARUNKI<\/strong><strong> WYNAJMU<\/strong><\/h1>\n<p><strong><\/strong><\/p>\n<p><span>1. Op\u0142aty naliczane s\u0105 wg stawek dobowych.<\/span><br \/><span>2. Wysoko\u015b\u0107 stawki dobowej zale\u017cna jest od d\u0142ugo\u015bci okresu najmu..<\/span><br \/><span>3. Doba pracy urz\u0105dze\u0144 odpowiada 8 godzinnemu u\u017cytkowaniu. Bardziej intensywne u\u017cytkowanie spowoduje naliczenie proporcjonalnej do ceny najmu op\u0142aty.<\/span><br \/><span>4. Nie nalicza si\u0119 op\u0142at za niedziele i \u015bwi\u0119ta.<\/span><br \/><span>5. Dopuszcza si\u0119 mo\u017cliwo\u015b\u0107 negocjacji cen.<\/span><br \/><span>7. Szczeg\u00f3\u0142owe warunki reguluje umowa najmu.<\/span><br \/><span>8. Dodatkowo oferujemy: serwis, transport, szkolenie i doradztwo.<\/span><\/p>\n<p><strong>DOKUMENTY NIEZB\u0118DNE DO REALIZACJI UMOWY NAJMU<\/strong><\/p>\n<p><span>UWAGA: ka\u017cdy najem musi zosta\u0107 poprzedzony pisemnym zam\u00f3wieniem podpisanym przez osob\u0119 upowa\u017cnion\u0105 do reprezentacji firmy oraz przedstawieniem kompletu dokument\u00f3w firmy niezb\u0119dnych do realizacji umowy.<\/span><\/p>\n<p><strong>Sp\u00f3\u0142ki prawa handlowego:<\/strong><\/p>\n<p><span>\u2022 Dokumenty rejestrowe: wyci\u0105g z rejestru handlowego z numerem KRS (nie starszy ni\u017c 6 miesi\u0119cy), za\u015bwiadczenia o nadaniu numer\u00f3w NIP oraz REGON.<\/span><br \/><span>\u2022 Pisemne pe\u0142nomocnictwo sp\u00f3\u0142ki (podpisane przez osoby uprawnione do reprezentowania sp\u00f3\u0142ki) upowa\u017cniaj\u0105ce do zawierania um\u00f3w i odbioru sprz\u0119tu osob\u0119, kt\u00f3ra zg\u0142asza si\u0119 po odbi\u00f3r sprz\u0119tu.<\/span><br \/><span>\u2022 Pisemne zam\u00f3wienie podpisane przez kierownika jednostki.<\/span><\/p>\n<p><strong>Osoby fizyczne prowadz\u0105ce dzia\u0142alno\u015b\u0107 gospodarcz\u0105:<\/strong><\/p>\n<p><span>\u2022 Dow\u00f3d osobisty.<\/span><br \/><span>\u2022 Drugi dokument to\u017csamo\u015bci potwierdzaj\u0105cy adres zameldowania z dowodu osobistego.<\/span><br \/><span>\u2022 Dokumenty rejestrowe: za\u015bwiadczenie o wpisie do ewidencji dzia\u0142alno\u015bci gospodarczej, za\u015bwiadczenia o nadaniu numer\u00f3w NIP oraz REGON.<\/span><br \/><span>\u2022 Dow\u00f3d op\u0142acenia ZUS za ostatni miesi\u0105c lub za\u015bwiadczenie z ZUS o bie\u017c\u0105cym regulowaniu zobowi\u0105za\u0144 nie starsze ni\u017c 6 miesi\u0119cy<\/span><br \/><span>\u2022 Pisemne pe\u0142nomocnictwo (podpisane przez w\u0142a\u015bciciela firmy) upowa\u017cniaj\u0105ce do zawierania um\u00f3w i odbioru sprz\u0119tu osob\u0119, kt\u00f3ra zg\u0142asza si\u0119 po odbi\u00f3r sprz\u0119tu (pierwszy wynajem osobi\u015bcie przez w\u0142a\u015bciciela).<\/span><\/p>\n<p><strong>Osoby fizyczne :<\/strong><\/p>\n<p><span>\u2022 Dow\u00f3d osobisty.<\/span><br \/><span>\u2022 Drugi dokument to\u017csamo\u015bci potwierdzaj\u0105cy adres zameldowania z dowodu osobistego.<\/span><\/p>\n<p><span>Seve Sp.z o.o. \u015bwiadczy us\u0142ugi najmu maszyn i urz\u0105dze\u0144 ka\u017cdorazowo na podstawie pisemnej umowy najmu, kt\u00f3rej zasady zawarcia oraz warunki przedstawiono poni\u017cej.<\/span><\/p>\n<p><strong>OG\u00d3LNE WARUNKI UMOWY NAJMU<\/strong><\/p>\n<p><strong>I. ZASADY OG\u00d3LNE<\/strong><br \/><span>1. Niniejsze og\u00f3lne warunki umowy o najmie Urz\u0105dze\u0144 maja zastosowanie do wszystkich um\u00f3w najmu ( \u201eUmowa Najmu maszyny\u201d ), w kt\u00f3rych SEVE Sp. z o.o. wyst\u0119puje jako Wynajmuj\u0105cy. Przez urz\u0105dzenie rozumiany b\u0119dzie przedmiot najmu.<\/span><br \/><span>2. Warunki og\u00f3lne wi\u0105\u017c\u0105 strony umowy wprost, chyba \u017ce na mocy postanowie\u0144 umowy strony zawar\u0142y odmienne ustalenia w zakresie obj\u0119tym niniejsz\u0105 umow\u0105.<\/span><br \/><span>3. Urz\u0105dzenie pozostaje ca\u0142y czas trwania Umowy Najmu w\u0142asno\u015bci\u0105 Wynajmuj\u0105cego.<\/span><br \/><span>4. Wydanie Urz\u0105dzenia nast\u0119puje na podstawie protoko\u0142u zdawczo-odbiorczego podpisanego przez przedstawicieli Najemcy i Wynajmuj\u0105cego.<\/span><br \/><span>5. Najemca uznaje, i\u017c przedmiot najmu jest wolny od wad oraz w chwili przekazania nadaje si\u0119 do realizowania celu gospodarczego, do kt\u00f3rego jest przeznaczony. Jakiekolwiek uwagi i zastrze\u017cenia co do stanu technicznego przedmiotu najmu b\u0119d\u0105 zawarte w protokole zdawczo-odbiorczym.<\/span><br \/><span>6. Czas trwania Umowy Najmu liczy si\u0119 od dnia odbioru Urz\u0105dzenia przez najemc\u0119 do dnia jego zwrotu w\u0142\u0105cznie<\/span><\/p>\n<p><strong>II. CZYNSZ NAJMU<\/strong><br \/><span>1. Czynsz najmu jest op\u0142ata sta\u0142\u0105, pobierana za ka\u017cdy egzemplarz Urz\u0105dzenia w oparciu o za\u0142\u0105czony cennik. W przypadku przekroczenia ustalonego okresu najmu Wynajmuj\u0105cy ma prawo do naliczenia kary umownej r\u00f3wnej 100 % warto\u015bci stawki dziennej za ka\u017cdy dzie\u0144 bezumownego przed\u0142u\u017cenia.<\/span><br \/><span>2. W przypadku nie uiszczenia czynszu w terminie okre\u015blonym w Umowie Najmu, Najemca zobowi\u0105zany b\u0119dzie do zap\u0142acenia odsetek umownych w wysoko\u015bci 0,14 % za ka\u017cdy dzie\u0144 op\u00f3\u017anienia w zap\u0142acie<\/span><\/p>\n<p><strong>III. PRAWA I OBOWIAZKI WYNAJMUJACEGO<\/strong><br \/><span>1. Wynajmuj\u0105cy uprawniony b\u0119dzie do kontrolowania Urz\u0105dzenia w czasie obowi\u0105zywania Umowy najmu oraz dokonywania napraw, przegl\u0105d\u00f3w i zabieg\u00f3w konserwacyjnych, kt\u00f3re uzna za niezb\u0119dne do utrzymania Urz\u0105dzenia w nale\u017cytym stanie.<\/span><br \/><span>2. Wynajmuj\u0105cy zobowi\u0105zuje si\u0119 do wykonania na w\u0142asny koszt wszelkich napraw i usuni\u0119cia awarii Urz\u0105dzenia powsta\u0142ych w nast\u0119pstwie normalnego zu\u017cycia przy jego prawid\u0142owej eksploatacji. W pozosta\u0142ych sytuacjach koszty naprawy i usuwania awarii obci\u0105\u017caj\u0105 Najemc\u0119. Zaliczane do nich b\u0119d\u0105 koszty zu\u017cycia materia\u0142\u00f3w, robocizny i ewentualnego dojazdu na miejsce pracy Urz\u0105dzenia lub dostarczeni Urz\u0105dzenia do siedziby Wynajmuj\u0105cego.<\/span><br \/><span>W celu unikni\u0119cia niepotrzebnych przestoj\u00f3w spowodowanych awari\u0105 maszyny, Najemca mo\u017ce na sw\u00f3j koszt dokonywa\u0107 drobnych napraw, wymiana w\u0119\u017cy hydraulicznych, naprawa ogumienia, uzupe\u0142nienie p\u0142yn\u00f3w eksploatacyjnych i t. p.<\/span><\/p>\n<p><strong>IV. PRAWA I OBOWI\u0104ZKI NAJEMCY<\/strong><br \/><span>1. Najemca ponosi koszty transportu Urz\u0105dzenia z magazynu Wynajmuj\u0105cego do miejsca jego u\u017cywania oraz z miejsca u\u017cywania do magazynu Wynajmuj\u0105cego w\u0142\u0105cznie z kosztami za\u0142adunku i wy\u0142adunku.<\/span><br \/><span>2. Najemca o\u015bwiadcza, i\u017c jest p\u0142atnikiem podatku VAT uprawnionym do odbioru faktur, o nadanym numerze NIP oraz jednocze\u015bnie upowa\u017cnia Wynajmuj\u0105cego do wystawiania faktur bez swojego podpisu.<\/span><br \/><span>3. Najemca zobowi\u0105zany jest do zapewnienia obs\u0142ugi Urz\u0105dzenia przez osoby posiadaj\u0105ce odpowiednie, wymagane przez prawo, uprawnienia i kwalifikacje.<\/span><br \/><span>4. Najemca zobowi\u0105zany jest do u\u017cywania Urz\u0105dzenia zgodnie z jego przeznaczeniem w miejscu ustalonym w Umowie Najmu. O ka\u017cdej zmianie zakresu lub miejsca u\u017cywania przedmiotu najmu Najemca powiadomi pisemnie Wynajmuj\u0105cego w celu uzyskania jego pisemnej zgody<\/span><br \/><span>5. Najemca zobowi\u0105zany jest pisemnie poinformowa\u0107 Wynajmuj\u0105cego o okresie wykonania przegl\u0105du wynikaj\u0105cego z zapisu w Protokole Zdawczo-Odbiorczym.<\/span><br \/><span>6. Najemca zobowi\u0105zuje si\u0119 do u\u017cywania przedmiotu najmu z nale\u017cyt\u0105 staranno\u015bci\u0105, zgodnie z zasadami BHP<\/span><br \/><span>7. W czasie u\u017cytkowania przedmiotu najmu Najemca zobowi\u0105zany jest do zabezpieczenia urz\u0105dzenia przed kradzie\u017c\u0105: parkowanie na terenie ogrodzonym i strze\u017conym oraz ka\u017cdorazowe zamykanie urz\u0105dzenia<\/span><br \/><span>8. Wraz z wyga\u015bni\u0119ciem lub rozwi\u0105zaniem Umowy Najmu, Najemca zobowi\u0105zany jest do zwrotu Urz\u0105dzenia Wynajmuj\u0105cemu. Za zwrot Urz\u0105dzenia uwa\u017ca\u0107 si\u0119 b\u0119dzie jedynie oddanie Wynajmuj\u0105cemu Urz\u0105dzenia w takim stanie, w jakim zosta\u0142o ono wynaj\u0119te. W przeciwnym razie Wynajmuj\u0105cy ma prawo przed\u0142u\u017cy\u0107 Umow\u0119 Najmu do dnia przywr\u00f3cenia Urz\u0105dzenia do stanu poprzedniego t..j. z dnia jego wydania Najemcy. 9. Najemca nie mo\u017ce scedowa\u0107 swych praw i obowi\u0105zk\u00f3w wynikaj\u0105cych z Umowy na osob\u0119 trzeci\u0105.<\/span><\/p>\n<p><strong>V. ODPOWIEDZIALNO\u015a\u0106<\/strong><br \/><span>1. Najemca ponosi pe\u0142n\u0105 odpowiedzialno\u015b\u0107 za urz\u0105dzenie od chwili przyj\u0119cia maszyny potwierdzonego spisaniem protoko\u0142u zdawczo-odbiorczego do momentu zwrotu go w miejsce wskazanie przez Wynajmuj\u0105cego w stanie niepogorszonym.<\/span><br \/><span>2. W razie uszkodzenia, zniszczenia lub utraty Urz\u0105dzenia Najemca zobowi\u0105zany jest do zap\u0142aty odszkodowania odpowiadaj\u0105cego jego warto\u015bci, okre\u015blonej w Umowie Najmu, kt\u00f3r\u0105 najemca akceptuje. Najemca ma obowi\u0105zek uiszczenia ustalonego w Umowie najmu czynszu za okres od dnia zaj\u015bcia tego zdarzenia do dnia zap\u0142aty wspomnianego odszkodowania.<\/span><br \/><span>3. W razie uszkodzenia przedmiotu najmu najemca zobowi\u0105zany jest do pokrycia koszt\u00f3w naprawy, tj. robocizny oraz cz\u0119\u015bci zamiennych. Warto\u015b\u0107 uszkodzenia b\u0119dzie wyceniona przez Wynajmuj\u0105cego na podstawie aktualnych cen cz\u0119\u015bci zamiennych i robocizny niezb\u0119dnej do jej usuni\u0119cia. Je\u017celi z powodu utraty lub uszkodzenia Urz\u0105dzenia przez Najemc\u0119 Wynajmuj\u0105cy poniesie szkod\u0119 w zwi\u0105zku z odpowiedzialno\u015bci\u0105 cywiln\u0105 wobec os\u00f3b trzecich z tytu\u0142u nie wykonania wcze\u015bniej zawartych um\u00f3w, Najemca zobowi\u0105zany b\u0119dzie do naprawienia szkody poniesionej przez Wynajmuj\u0105cego.<\/span><br \/><span>4. Najemca ponosi odpowiedzialno\u015b\u0107 za szkody wynik\u0142e z naruszenia przy u\u017cyciu Urz\u0105dzenia zasad bezpiecze\u0144stwa i higieny pracy, w szczeg\u00f3lno\u015bci w przypadku gdy Urz\u0105dzenie jest obs\u0142ugiwane przez osoby nie posiadaj\u0105ce odpowiednich, wymaganych przez prawo uprawnie\u0144. Znajomo\u015b\u0107 tych zasad obci\u0105\u017ca Najemc\u0119.<\/span><br \/><span>5. Najemca nie ponosi odpowiedzialno\u015bci za zu\u017cycie urz\u0105dzenia b\u0119d\u0105ce nast\u0119pstwem jego prawid\u0142owego u\u017cytkowania<\/span><\/p>\n<p><strong>VI. ROZWI\u0104ZANIE UMOWY<\/strong><br \/><span>1. Umowa Najmu nie podlega wypowiedzeniu.<\/span><br \/><span>2. Wynajmuj\u0105cy mo\u017ce rozwi\u0105za\u0107 Umow\u0119 najmu ze skutkiem natychmiastowym je\u015bli:<\/span><br \/><span>a) Najemca u\u017cywa Urz\u0105dzenia w spos\u00f3b sprzeczny z jego przeznaczeniem nara\u017caj\u0105c go na utrat\u0119 lub uszkodzenie,<\/span><br \/><span>b) Najemca oddaje Urz\u0105dzenie w u\u017cywanie os\u00f3b trzecich bez zgody Wynajmuj\u0105cego<\/span><br \/><span>c) Najemca zalega z zap\u0142at\u0105 czynszu za okres co najmniej 14 dni<\/span><br \/><span>d) Najemca narusza postanowienia niniejszych Og\u00f3lnych warunk\u00f3w b\u0105d\u017a Umow\u0119 najmu<\/span><\/p>\n<p><strong>VII. POSTANOWIENIA KO\u0143COWE<\/strong><br \/><span>1. Wynajmuj\u0105cy zastrzega sobie prawo do oceny technicznej zwr\u00f3conego przez Najemc\u0119 Urz\u0105dzenia, dokonanej przez rzeczoznawc\u00f3w, kt\u00f3ra b\u0119dzie obowi\u0105zuj\u0105ca dla ustalenia przyczyn uszkodzenia wynaj\u0119tego Urz\u0105dzenia. Dokumentem uzupe\u0142niaj\u0105cym dla ustalenia przyczyn uszkodzenia b\u0119dzie protok\u00f3\u0142 zdawczo-odbiorczy podpisany przez przedstawicieli Najemcy-Wynajmuj\u0105cego na podstawie ogl\u0119dzin zewn\u0119trznych, rozruchu pr\u00f3bnego i dzia\u0142ania sprz\u0119tu oraz ewentualnej kontroli widocznych uszkodze\u0144.<\/span><br \/><span>2. Najemca o\u015bwiadcza, i\u017c dobrowolnie wyra\u017ca zgod\u0119 na gromadzenie i przetwarzanie swoich danych osobowych dla cel\u00f3w gospodarczych, statystycznych i marketingowych Wynajmuj\u0105cego. Wynajmuj\u0105cy ma prawo wgl\u0105du do swoich danych osobowych oraz ich poprawiania zgodnie z ustaw\u0105 o ochronie danych osobowych.<\/span><br \/><span>3. Do rozstrzygni\u0119cia spor\u00f3w miedzy Wynajmuj\u0105cym i Najemc\u0105 wynikaj\u0105cych z Umowy Najmu jest w\u0142a\u015bciwy s\u0105d powszechny w Krakowie.<\/span><br \/><span>4. Najemca o\u015bwiadcza, i\u017c zapozna\u0142 si\u0119 z niniejszymi og\u00f3lnymi warunkami umowy i akceptuje w ca\u0142o\u015bci.<\/span><\/p>\n<p>[\/et_pb_text][\/et_pb_column][\/et_pb_row][\/et_pb_section][et_pb_section fb_built=&#8221;1&#8243; fullwidth=&#8221;on&#8221; admin_label=&#8221;Map Section&#8221; _builder_version=&#8221;4.16&#8243; global_colors_info=&#8221;{}&#8221; theme_builder_area=&#8221;post_content&#8221;][et_pb_fullwidth_map address=&#8221;San Francisco, CA, USA&#8221; address_lat=&#8221;37.7749295&#8243; address_lng=&#8221;-122.4194155&#8243; mouse_wheel=&#8221;off&#8221; _builder_version=&#8221;4.19.4&#8243; filter_saturate=&#8221;10%&#8221; hover_enabled=&#8221;0&#8243; global_colors_info=&#8221;{}&#8221; theme_builder_area=&#8221;post_content&#8221; sticky_enabled=&#8221;0&#8243;][et_pb_map_pin pin_address=&#8221;Szczytno, Pasymska 14&#8243; pin_address_lat=&#8221;37.7749295&#8243; pin_address_lng=&#8221;-122.4194155&#8243; _builder_version=&#8221;4.19.4&#8243; global_colors_info=&#8221;{}&#8221; theme_builder_area=&#8221;post_content&#8221; title=&#8221;Wynajem sprz\u0119tu&#8221; hover_enabled=&#8221;0&#8243; sticky_enabled=&#8221;0&#8243;][\/et_pb_map_pin][\/et_pb_fullwidth_map][\/et_pb_section]<\/p>\n","protected":false},"excerpt":{"rendered":"<p>Regulamin wynajmuPODSTAWOWE WARUNKI WYNAJMU 1. Op\u0142aty naliczane s\u0105 wg stawek dobowych.2. Wysoko\u015b\u0107 stawki dobowej zale\u017cna jest od d\u0142ugo\u015bci okresu najmu..3. Doba pracy urz\u0105dze\u0144 odpowiada 8 godzinnemu u\u017cytkowaniu. Bardziej intensywne u\u017cytkowanie spowoduje naliczenie proporcjonalnej do ceny najmu op\u0142aty.4. Nie nalicza si\u0119 op\u0142at za niedziele i \u015bwi\u0119ta.5. Dopuszcza si\u0119 mo\u017cliwo\u015b\u0107 negocjacji cen.7. Szczeg\u00f3\u0142owe warunki reguluje umowa najmu.8. [&hellip;]<\/p>\n","protected":false},"author":1,"featured_media":0,"parent":0,"menu_order":0,"comment_status":"closed","ping_status":"closed","template":"","meta":{"_et_pb_use_builder":"on","_et_pb_old_content":"","_et_gb_content_width":"","footnotes":""},"class_list":["post-85","page","type-page","status-publish","hentry"],"_links":{"self":[{"href":"https:\/\/koparkaszczytno.pl\/index.php?rest_route=\/wp\/v2\/pages\/85","targetHints":{"allow":["GET"]}}],"collection":[{"href":"https:\/\/koparkaszczytno.pl\/index.php?rest_route=\/wp\/v2\/pages"}],"about":[{"href":"https:\/\/koparkaszczytno.pl\/index.php?rest_route=\/wp\/v2\/types\/page"}],"author":[{"embeddable":true,"href":"https:\/\/koparkaszczytno.pl\/index.php?rest_route=\/wp\/v2\/users\/1"}],"replies":[{"embeddable":true,"href":"https:\/\/koparkaszczytno.pl\/index.php?rest_route=%2Fwp%2Fv2%2Fcomments&post=85"}],"version-history":[{"count":3,"href":"https:\/\/koparkaszczytno.pl\/index.php?rest_route=\/wp\/v2\/pages\/85\/revisions"}],"predecessor-version":[{"id":90,"href":"https:\/\/koparkaszczytno.pl\/index.php?rest_route=\/wp\/v2\/pages\/85\/revisions\/90"}],"wp:attachment":[{"href":"https:\/\/koparkaszczytno.pl\/index.php?rest_route=%2Fwp%2Fv2%2Fmedia&parent=85"}],"curies":[{"name":"wp","href":"https:\/\/api.w.org\/{rel}","templated":true}]}}